+ 3*k - 268. What is the units digit of (m/(-30))/(1 - (-124)/(-122))?
3
Suppose 0 = -4*x - 2*b + 1126, -2*x + b - 37 + 598 = 0. What is the units digit of x?
1
Let n = -273 - -314. What is the tens digit of n?
4
What is the tens digit of 100*((-13)/(-4))/(15/15)?
2
What is the tens digit of 4/(-6)*-394 + 16/48?
6
Let h be (122/(-3))/(42/(-315)). Suppose y + h = 5*c - 4*y, -329 = -5*c - 3*y. What is the tens digit of c?
6
Let x(i) = -i + 27. Let j be x(20). What is the units digit of ((-420)/(-16))/j*28?
5
Suppose 0 = -33*w + 17*w + 19056. What is the thousands digit of w?
1
Let z = 70 - -306. What is the tens digit of z?
7
Let w = 1078 + -673. What is the hundreds digit of w?
4
What is the tens digit of (1/2)/(60/255840)?
3
Suppose -336*n + 6500 = -331*n. What is the thousands digit of n?
1
Let i be ((-8)/2)/(-2) - -7. Let g = i + -1. What is the tens digit of ((-69)/6)/((-4)/g)?
2
Let l be (-9)/6 - 9/(-2). Let v(p) = -5*p - 13. Let h(t) = -11*t - 25. Let u(c) = -3*h(c) + 5*v(c). What is the tens digit of u(l)?
3
Let o = -12 + 24. What is the tens digit of (0 - 3/(-2))/(o/368)?
4
What is the units digit of (-122)/1647 + 7346/27?
2
Let d be (-2)/(((-4)/36)/(3/(-18))). What is the tens digit of -3*240/27*d?
8
Let s = 23 + -10. Suppose -17*k + s*k + 284 = 0. What is the units digit of k?
1
Let h(j) be the third derivative of -11/6*j**3 + 0 + 0*j - 11/24*j**4 - 3*j**2 - 1/60*j**5. What is the units digit of h(-9)?
7
Suppose 2*g = 3*g. Suppose g = -3*d + 10 + 2. What is the units digit of d + (6 - 2)/4?
5
Let r(y) = -y**2 - 9*y - 3. Let c be r(-9). Let i be 3*(-6)/27*c. Suppose 0 = f + i*u - 50, -u + 0*u + 175 = 3*f. What is the tens digit of f?
6
Suppose 6*d - 5 = -119. Let w = d - -18. What is the units digit of 1 + ((-4)/w - -39)?
4
Let t(q) = -q**3 - 9*q**2 - 9*q + 48. What is the tens digit of t(-9)?
2
Let m(i) be the second derivative of -i**5/20 + 5*i**4/6 - 2*i**3 + 2*i**2 - i. Suppose 14*q + 70 = 24*q. What is the units digit of m(q)?
7
Let j(n) = n**2 - n - 2. Let l be j(4). Suppose -5*a - 220 = -l*a. What is the units digit of a?
4
Suppose 11 = -2*m + 2*k + 57, 71 = 3*m - 4*k. Let s = 82 - m. What is the tens digit of s?
6
Let m = -805 + 394. Let q = -238 - m. What is the tens digit of q?
7
Suppose 13888 = 3*d - p + 1294, 0 = -4*p - 12. What is the units digit of d?
7
Let f = 564 - 398. Let q = 80 + f. What is the hundreds digit of q?
2
Let a = 1860 - -296. What is the tens digit of a?
5
Let x = -150 - -287. Let q = 56 + x. What is the hundreds digit of q?
1
Let g(o) be the third derivative of 1/60*o**5 + o**3 + 1/6*o**4 - o**2 + 0 + 0*o. What is the units digit of g(-4)?
6
Suppose 4*h = -h + 25. Suppose 0 = -2*s + 4*y + 162, -y + 0*y = -h. What is the tens digit of s?
9
Suppose 7*n - 2*p = 2*n - 380, -5*n - 395 = -5*p. Let v = -12 - n. Suppose -2*d + 28 = -d - 2*m, 4*d - v = -2*m. What is the tens digit of d?
1
Let w(p) = -2*p + 14. Let z be w(5). What is the tens digit of 441/z - (-15)/20?
1
Suppose 2*x + 2646 = l, -3*x = 86*l - 90*l + 10599. What is the hundreds digit of l?
6
Let x(d) = 109*d + 28. What is the units digit of x(5)?
3
Suppose 3810 = 5*i - 5*w, -i + 5*i - 2*w = 3038. What is the hundreds digit of i?
7
Suppose -80475 = 3*n - 40*n. What is the tens digit of n?
7
Suppose -627 = -4*b - 5*r, 2*b + 4*r + 183 = 3*b. What is the hundreds digit of b?
1
Suppose -3*b = -0 - 9. Let z be 2/(b/(-96)*-1). Suppose 4*l - z = 24. What is the units digit of l?
2
Suppose 2*y = -3*y. Let u be (y/(2 + 2))/2. Suppose -3*q - 2*q + 15 = u. What is the units digit of q?
3
Let m = -26 - -27. What is the tens digit of 87 + (m - 2) + -3?
8
Suppose -12*s = -2*s - 3710. What is the hundreds digit of s?
3
Let p(g) = 2*g - 2*g - 5*g + 66 + 0*g. What is the units digit of p(-19)?
1
Let q(g) = -3*g - 47. Let m be q(-15). Let b = -2 - -4. What is the units digit of (-5 + 1)*b/m?
4
Suppose -3*a = 24 - 81. Let p = -14 + a. Suppose -5 = p*i, -3*s = -0*s - 4*i - 88. What is the tens digit of s?
2
Let i(c) = c**2 - 11*c - 21. Let l be i(14). Let n = 29 - l. What is the tens digit of n/(-6)*153/(-6)?
3
Let j = -13 - -11. Let c be (4 - (4 - 4))/j. What is the units digit of (5 + -3)/(c/(-33))?
3
Let i(l) = -5 - 3*l + 0*l**3 + 6*l**2 - 3*l - l**3 + 2*l**3. What is the tens digit of i(-5)?
5
Let q = -1675 + 2534. What is the hundreds digit of q?
8
Let q(u) = 3*u**2 + 3. Let h be q(-2). What is the units digit of (h/6 - 4) + (-243)/(-2)?
0
Suppose 4 = 3*g + g. What is the units digit of -2*g - (-11 - 15)?
4
Let g = -68 + 103. Suppose -2*z + g = -z. What is the tens digit of z?
3
Let q(w) = w**3 + w**2 + 5*w + 5. Let i be q(7). Suppose 2*f - i = -4*f. What is the tens digit of f?
7
Suppose -2*c = -3 - 7. Suppose 2*w + 23 = 3*n + 9, -c*n - 2 = 3*w. Suppose -3*d = n*i - 128, -4*d + i + 36 = -142. What is the units digit of d?
4
Let l = 1781 + -648. What is the units digit of l?
3
Suppose -4*i = -3*j - 2*j + 17, -10 = -2*j. Suppose 5*l - 346 = -2*y, 528 = 3*y - i*l + 5*l. What is the units digit of y?
8
Suppose -3430 = -9*p + 4*p - 3*a, -3*a = -3*p + 2082. What is the tens digit of p?
8
Let f = -374 - -1177. What is the hundreds digit of f?
8
Let j(q) = 6*q**3 + q**2 - 6*q - 7. What is the tens digit of j(3)?
4
Let a = 25 + -19. Suppose -4*b + 3*h - 21 + a = 0, 0 = 4*b + 2*h + 10. What is the tens digit of (-107)/b + (-7)/(-21)?
3
Suppose 4*d = -4*d + 144. Suppose 5*r + 0*l + 205 = 2*l, 2*r - 5*l + 82 = 0. Let g = d - r. What is the units digit of g?
9
Suppose 4*k - 4 = 0, 4*u - 2*k - 4228 = -u. What is the hundreds digit of u?
8
Let t(n) be the second derivative of n**5/20 - 17*n**4/12 + 2*n**2 + 3*n. Let b be t(17). Suppose -32 = b*z - 8*z. What is the units digit of z?
8
Let k(u) = 1749*u - 26. What is the tens digit of k(1)?
2
Let w(j) = -j**3 - 11*j**2 - 12*j - 1. Suppose h - 15 = -4*u, 0 = h + h + 10. Let y(f) = -4*f + 10. Let r be y(u). What is the units digit of w(r)?
9
Let t(g) = 295*g + 101. What is the units digit of t(7)?
6
Let c = -4385 + 7932. What is the tens digit of c?
4
Suppose 0 = r - 3*r, 17 = -m + 5*r. Suppose 0 = 2*t - 6*t + 132. Let d = m + t. What is the tens digit of d?
1
Let a be (-2)/(-1*2/4). Suppose -3*p + 8*p + 25 = a*j, 4*j - 4*p - 28 = 0. What is the tens digit of j?
1
Suppose -9*x + 30 = -8*x + a, x - a = 20. Suppose 145 = 3*o + x. What is the tens digit of o?
4
Let v be 1/(-2) - (-81)/18. Let z = 5 + -4. What is the units digit of (-1)/(v/(-8))*z?
2
Suppose -12 = -2*f - 0. Let u(l) = -l**2 + 7*l + 5. What is the tens digit of u(f)?
1
Suppose 3*a + 171 = 12*a. Let i = a + -16. What is the units digit of (0 - 1)*(i - 8)?
5
Suppose 0*g + g - 79 = -5*n, -n + 35 = 5*g. What is the tens digit of -3 + 4/6 + 2690/n?
7
Let w = 12 + -23. Let s = -5 + w. Let z = s - -31. What is the units digit of z?
5
Let a = 1001 - -176. What is the units digit of a?
7
Suppose 25*w - 3296 = 17*w. What is the hundreds digit of w?
4
Let u = -755 + 1214. What is the hundreds digit of u?
4
Suppose 24036 - 7878 = 3*l + 4*d, 0 = -3*l + 3*d + 16137. What is the units digit of l?
2
Let u = -5 + 3. Suppose 0 = -4*x + 8*x - 28. What is the units digit of (-282)/(-42) - u/x?
7
Let z(d) = 4*d**2 + 44*d - 184. What is the tens digit of z(-27)?
4
Let o(m) = 3*m**3 + 14*m**2 + 3*m + 10. Let l be -4 + -1*(-30)/2. Let j(w) = w**3 + 5*w**2 + w + 3. Let y(x) = l*j(x) - 4*o(x). What is the tens digit of y(-3)?
1
Suppose -3*t - 2*t + 50 = 0. Let r = 33 - 19. Let o = r - t. What is the units digit of o?
4
Suppose 4*a + 10056 = 4*y, 5*a + 7794 = 3*y + 244. What is the thousands digit of y?
2
Let b be (-10)/60 + 12434/12. Suppose 9*u - 16*u + b = 0. What is the tens digit of u?
4
Let v be 9*42/36 + 1/2. Suppose 0 = 20*s - v*s - 666. What is the units digit of s?
4
Suppose 15*c - 10818 = -1968. What is the hundreds digit of c?
5
Suppose -373 = -2*u - 3*c + 737, -3*u + 4*c + 1631 = 0. Suppose -2*t + 4*x = 2*t - 576, -u = -4*t - 5*x. What is the tens digit of t?
4
What is the tens digit of 9 - (1 - -4) - (-72 + 1)?
7
Let v(z) = -z**3 + 4*z**2 - z + 4. Let d be v(5). Let b = -9 - d. Let i = 42 - b. What is the units digit of i?
5
Suppose -6*q = q - 21. Suppose -q*d + 5 = -4, -l + 3*d + 128 = 0. What is the tens digit of l?
3
Let j(y) = -y**2 + 8*y - 3. Let l be (-20)/90 + (-130)/(-18